 10179456 a multiple of 6?
True
Is 1464 a factor of 14454072?
True
Does 465 divide 58861192?
False
Is 3340467 a multiple of 39?
True
Is 159 a factor of 186260232?
True
Is 97788040 a multiple of 1295?
True
Is 193 a factor of 1097143135?
False
Is 10 a factor of 64327557?
False
Is 683515352 a multiple of 14?
False
Is 395 a factor of 5534345?
True
Does 181 divide 60784868?
True
Is 63068651 a multiple of 327?
False
Is 1626 a factor of 28975320?
True
Is 297 a factor of 2180679675?
False
Does 121 divide 88913197?
False
Is 1141725888 a multiple of 576?
True
Is 175 a factor of 111559700?
True
Is 109 a factor of 34661724?
False
Is 68115060 a multiple of 4185?
True
Is 134 a factor of 7244662?
False
Is 424 a factor of 77711568?
True
Is 15 a factor of 25513443?
False
Is 1734 a factor of 42808992?
True
Is 937780754 a multiple of 137?
False
Does 11 divide 105545990?
True
Does 10 divide 12858268?
False
Does 37 divide 83410602?
False
Is 15 a factor of 1044759025?
False
Does 38 divide 745767681?
False
Does 756 divide 602437500?
True
Does 19 divide 116942616?
False
Is 131804501 a multiple of 24?
False
Does 1075 divide 942577736?
False
Is 1646 a factor of 14156053?
False
Is 7 a factor of 414226939?
True
Is 4 a factor of 352639340?
True
Is 1481981930 a multiple of 1430?
True
Is 10459600 a multiple of 316?
True
Is 507906456 a multiple of 177?
True
Is 184461186 a multiple of 51?
True
Is 696175572 a multiple of 4?
True
Is 228238784 a multiple of 14?
False
Is 123 a factor of 2177201?
False
Is 10 a factor of 147491720?
True
Does 29 divide 55241346?
True
Is 4725 a factor of 4566688875?
True
Does 595 divide 141705795?
True
Is 19 a factor of 8930076?
True
Does 17 divide 43326594?
False
Is 2349 a factor of 91412649?
False
Is 43 a factor of 5079981?
False
Does 74 divide 243236298?
True
Is 561161769 a multiple of 599?
True
Does 3497 divide 154519488?
False
Does 102 divide 172117656?
True
Is 154 a factor of 482788306?
True
Is 69669904 a multiple of 8?
True
Is 11 a factor of 11998855?
True
Is 218 a factor of 23053064?
True
Is 50165351 a multiple of 9?
False
Does 3088 divide 424318436?
False
Is 16 a factor of 1530916958?
False
Is 1833909 a multiple of 4?
False
Is 763 a factor of 94151911?
True
Is 42 a factor of 12196188?
False
Is 159 a factor of 32478771?
True
Is 4 a factor of 202038752?
True
Is 9 a factor of 26233236?
True
Is 435805755 a multiple of 49?
True
Is 5191160 even?
True
Is 87060013 a multiple of 608?
False
Is 2046192 a multiple of 752?
True
Does 496 divide 9372162?
False
Is 8 a factor of 49158252?
False
Is 207 a factor of 398682?
True
Does 384 divide 333371993?
False
Is 9496363 a multiple of 880?
False
Is 2949281536 a multiple of 1216?
True
Does 8 divide 7571945?
False
Does 343 divide 16178967?
True
Is 12011 a factor of 1353879920?
True
Does 20 divide 32623080?
True
Does 107 divide 22583611?
False
Is 24539780 a multiple of 4?
True
Does 295 divide 16118004?
False
Is 8501737 a multiple of 2046?
False
Is 51401822 a multiple of 30?
False
Is 14299320 a multiple of 28?
True
Is 127891950 a multiple of 12?
False
Is 544 a factor of 147669888?
True
Is 139546680 a multiple of 168?
True
Is 59 a factor of 53151082?
False
Is 4 a factor of 74273589?
False
Does 64 divide 46314432?
True
Is 101 a factor of 66390330?
True
Is 57 a factor of 28393068?
True
Is 72804645 a multiple of 55?
False
Does 616 divide 44828168?
True
Is 40078184 a multiple of 19?
False
Is 88352273 a multiple of 970?
False
Is 500 a factor of 715144994?
False
Is 13 a factor of 206306477?
True
Is 181 a factor of 457103916?
True
Is 6650424811 a multiple of 1109?
False
Is 765 a factor of 23750190?
True
Does 8 divide 1128446800?
True
Does 42 divide 390365346?
True
Is 138470116 a multiple of 91?
False
Is 2789 a factor of 878663294?
True
Is 30 a factor of 1124435250?
True
Does 23 divide 18870695?
True
Is 3074645 a multiple of 11?
False
Is 14 a factor of 43445234?
True
Is 17777672 a multiple of 44?
True
Does 26 divide 476467151?
False
Does 809 divide 190489370?
False
Is 28 a factor of 1818544?
True
Is 941576156 a multiple of 142?
True
Does 2633 divide 227182072?
False
Is 783914625 a multiple of 3375?
True
Does 1340 divide 485359490?
False
Is 470 a factor of 43783790?
True
Is 47 a factor of 6027750?
True
Is 51 a factor of 85403631?
True
Does 8 divide 12961968?
True
Is 552677 a multiple of 97?
False
Is 14 a factor of 128691189?
False
Is 47083638 a multiple of 42?
True
Is 145 a factor of 111753095?
True
Is 9 a factor of 20859120?
True
Does 57 divide 27635338?
False
Is 1237 a factor of 900299591?
False
Is 65 a factor of 767397215?
True
Is 553 a factor of 8452605?
True
Is 356014732 a multiple of 118?
True
Is 16 a factor of 2726102800?
True
Is 3 a factor of 4633637?
False
Is 1740760752 a multiple of 1408?
False
Is 1301 a factor of 2298933351?
True
Is 3 a factor of 43593?
True
Is 140 a factor of 57110551?
False
Is 32 a factor of 587369408?
True
Does 19 divide 27073803?
True
Is 821 a factor of 80109075?
True
Does 2645 divide 296689228?
False
Is 69403824 a multiple of 147?
False
Does 257 divide 25960498?
False
Is 1205933262 a multiple of 181?
False
Is 26032585 a multiple of 3?
False
Is 4 a factor of 140537476?
True
Does 263 divide 3984132033?
True
Does 108 divide 69895551?
False
Is 69 a factor of 24060231?
True
Is 20686730 a multiple of 1373?
False
Does 193 divide 72134660?
False
Does 902 divide 19315428?
True
Is 340 a factor of 400123560?
True
Is 291 a factor of 677591463?
True
Is 51085265 a multiple of 16?
False
Is 253278720 a multiple of 2880?
True
Is 481547 even?
False
Does 160 divide 7277856?
False
Is 2311957370 a multiple of 12?
False
Does 20 divide 298989094?
False
Is 180 a factor of 120709285?
False
Is 34288410 a multiple of 809?
False
Is 189481750 a multiple of 96?
False
Is 247 a factor of 4192073?
False
Is 186 a factor of 101406270?
True
Does 18 divide 23606425?
False
Does 502 divide 249473920?
True
Is 33630813 a multiple of 234?
False
Is 18 a factor of 638692878?
False
Is 59138822 a multiple of 322?
False
Is 5886825859 a multiple of 956?
False
Is 83 a factor of 112617905?
False
Is 115100847 a multiple of 18?
False
Does 148 divide 111168720?
True
Is 2352371912 a multiple of 20?
False
Is 429 a factor of 29498040?
True
Does 1264 divide 206255728?
True
Is 28 a factor of 6132186?
False
Is 278 a factor of 22099888?
True
Does 2733 divide 84123971?
False
Is 4063 a factor of 88499469?
False
Does 227 divide 1120442490?
True
Does 2142 divide 2004835842?
False
Does 52 divide 93917208?
False
Is 1074 a factor of 1774469093?
False
Does 2 divide 23217821?
False
Is 72590510 a multiple of 170?
True
Does 72 divide 518652118?
False
Is 1487823176 a multiple of 568?
True
Does 10 divide 49398920?
True
Does 13 divide 40201733?
True
Does 1164 divide 286726702?
False
Is 1131 a factor of 5054896?
False
Is 612037196 a multiple of 366?
False
Is 4 a factor of 408848946?
False
Is 96 a factor of 803876154?
False
Is 8 a factor of 1135705504?
True
Is 73497192 a multiple of 2469?
True
Is 24266746 a multiple of 79?
True
Is 38425832 a multiple of 148?
True
Does 643 divide 6303329?
True
Is 1726 a factor of 78696970?
True
Is 15 a factor of 780579135?
True
Is 466 a factor of 26513536?
True
Is 1421633222 a multiple of 87?
False
Is 48 a factor of 294792624?
True
Does 499 divide 36500852?
True
Is 290 a factor of 96362022?
False
Is 25603839 a multiple of 18?
False
Is 778 a factor of 1108023710?
True
Does 57 divide 6409992?
True
Is 167 a factor of 154870289?
True
Is 49575290 a multiple of 431?
False
Is 428 a factor of 1619557340?
False
Is 75521782 a multiple of 61?
True
Is 39740934 a multiple of 336?
False
Is 10 a factor of 20799140?
True
Is 6 a factor of 28809232?
False
Is 15 a factor of 422861587?
False
Is 2036169257 a multiple of 11?
False
Is 3011733144 a multiple of 1779?
True
Is 8 a factor of 16218016?
True
Is 40625088 a multiple of 1449?
False
Is 58 a factor of 98369879?
False
Does 537 divide 20906796?
False
Is 16236772 a multiple of 595?
False
Is 41 a factor of 85167291?
True
Is 14 a factor of 297936110?
False
Is 3496 a factor of 841735416?
True
Is 193 a factor of 9633788?
True
Does 74 divide 1035536?
False
Is 11513516 a multiple of 413?
False
Is 1640 a factor of 157361668?
False
Is 852 a factor of 41670015?
False
Is 6931811 a multiple of 8?
False
Does 13